 What is the remainder when i is divided by 31?
30
Let o = 7 + 51. Calculate the remainder when o is divided by 15.
13
Let h be 114/10 - 4/10. Suppose -g + 3*g + 3*p - h = 0, -5*g - 4*p = -24. Calculate the remainder when 1 - 4*g/(-1) is divided by 6.
5
Let d be 4/(-8) + 13/2. Let l = d + 20. Calculate the remainder when l is divided by 9.
8
Calculate the remainder when 24 + (-4)/(2 + 0) is divided by 12.
10
Let m(h) = 3*h**2 - 13*h - 7. Let p(a) = -a + 2. Let y be p(3). What is the remainder when m(6) is divided by (y/(-2))/((-1)/(-16))?
7
Let r = 14 + 88. What is the remainder when r is divided by 33?
3
Let k = -17 - -46. Let f = k + -8. What is the remainder when 62 is divided by f?
20
Let b = -11 - -16. What is the remainder when 12 is divided by b?
2
Calculate the remainder when -2 + ((-264)/(-27) - 8/(-36)) is divided by 5.
3
Let o = -22 - -8. Let z = 27 + o. What is the remainder when 24 is divided by z?
11
Let d(i) = -i**2 + 6*i - 2. Suppose -2*m = m - 138. Suppose -9 - m = -5*z. Calculate the remainder when z is divided by d(4).
5
Suppose 0 = r + r - 44. Calculate the remainder when r is divided by 5.
2
Suppose 2*t - 54 = -t. Let u = t - 15. What is the remainder when 9 is divided by u?
0
Let b(n) be the second derivative of n**4/12 + 5*n**3/6 - 5*n**2/2 - 2*n. What is the remainder when 16 is divided by b(-7)?
7
Suppose 3*v = -n + 15, -6*n - 2*v + 10 = -3*n. Suppose n*p = 2*p - 20. Let m(z) = z**3 - z**2 - z + 3. Calculate the remainder when m(3) is divided by p.
8
Let v = 7 + -8. Let j be (1 - 4) + 6 - v. Suppose 72 = 4*h + j*k, -3*h + 4*k = -37 - 3. Calculate the remainder when 31 is divided by h.
15
Let s = 15 - -4. Suppose -3*a - r - 2*r = -123, -a + 25 = -3*r. Calculate the remainder when a is divided by s.
18
Suppose 13*g - 8*g = 40. What is the remainder when g is divided by 5?
3
Calculate the remainder when 15 is divided by (-9)/((-4 - -1) + 2).
6
Let j = 12 - 9. Suppose -5*x + 0 = -2*i + 10, 3*i - 15 = -j*x. Suppose -i*k + 4*d + 0*d = -86, -k = -2*d - 16. What is the remainder when k is divided by 5?
3
Let k(v) = -2*v**2 + 9*v - 5. Calculate the remainder when 31 is divided by k(3).
3
Let q(f) = -f**3 + 18*f**2 - 11*f + 16. What is the remainder when q(17) is divided by 40?
38
Let d = 67 + -18. Suppose -5*g + d + 206 = 0. What is the remainder when g is divided by 26?
25
Suppose -4*x - j + 78 = 0, -2*x = x + j - 58. What is the remainder when 79 - ((-2)/(-2))/(17 + -16) is divided by x?
18
Let v(x) = x**3 - 9*x**2 + 16*x - 6. What is the remainder when 28 is divided by v(7)?
4
Let v = 27 + -12. Calculate the remainder when 33 is divided by v.
3
Let i = 107 - 36. What is the remainder when i is divided by 18?
17
Suppose -4*x - 23 + 84 = 3*g, 4*g = -3*x + 51. Calculate the remainder when x is divided by 5.
3
Let f(b) = -b**2 + 2*b + 4. Let x be f(-5). Let a = 53 + x. What is the remainder when a is divided by 12?
10
Suppose l = -4*r + 74 - 14, 3*l = r - 15. Suppose 0 = 3*f - v - 22, -13 = -3*v + 2. What is the remainder when r is divided by f?
6
Suppose -2*a + 2*z + 74 = 0, 5*a - 185 = -0*z + z. Calculate the remainder when a is divided by 13.
11
Let w = -94 + 282. Let h = -127 + w. Calculate the remainder when h is divided by 16.
13
Let g = -5 + 7. Let w be 123*g/(-6)*-1. Suppose s - z + 21 = 57, 4*z = -s + w. What is the remainder when s is divided by 13?
11
Suppose 0 = i + 4, -4*m - m = 2*i - 1082. Calculate the remainder when m is divided by 11.
9
Let a(c) = c**3 + c**2 - 4*c + 2. Let j be a(3). Suppose 1 - 3 = 2*t, -5*m + j = -t. Suppose 5*f = 3*f + 18. What is the remainder when f is divided by m?
4
Let q = 17 + -3. Let j be 234/q + (-6)/(-21). Suppose -2*x = -o - j, 3*x + 5*o - 1 = 5. What is the remainder when 19 is divided by x?
5
Let x(h) = h**3 + 6*h**2 - 3*h**3 - 7 + 3*h**3. Calculate the remainder when x(-5) is divided by 7.
4
Suppose 11 = 2*m + w - 2, -8 = -m - 2*w. What is the remainder when 29 is divided by m?
5
Let a(g) = g. Let x be a(3). Suppose -x*r - r + 24 = 0. Suppose 42*m - 36*m = 126. What is the remainder when m is divided by r?
3
Calculate the remainder when 18 is divided by 216/22 + 20/110.
8
What is the remainder when 105 is divided by (-2 + (-28)/1)*42/(-35)?
33
Suppose 0 = -g - 1 + 4. What is the remainder when 11 is divided by g?
2
Let t = 2 + 1. Suppose -3*g + 20 = 5*k + 1, -t*k - 3 = -3*g. Suppose 4*l - g*l = 12. Calculate the remainder when 22 is divided by l.
10
Let w(y) = 3 + 0 - 6*y - 4 + 0*y. What is the remainder when w(-6) is divided by 9?
8
Let o be 1/(2 - 1) + 75. Let l = -53 + o. Suppose -p + 257 = 249. Calculate the remainder when l is divided by p.
7
Calculate the remainder when 73 is divided by 1078/56 + (-21)/(-12) + -1.
13
Let j(f) = f**2 - 14*f - 11. Calculate the remainder when j(16) is divided by 8.
5
Suppose -18 = -2*q + 8. What is the remainder when q is divided by 7?
6
Let a(x) be the third derivative of 79/60*x**5 + 0 + 2*x**2 + 0*x**4 + 0*x + 1/6*x**3. What is the remainder when a(1) is divided by 27?
26
Suppose -8*y + 3*y = 25. Let z = 11 + y. What is the remainder when 10 is divided by z?
4
Suppose -5*a + 2*q + 184 = -0*q, 2*q - 176 = -5*a. What is the remainder when a is divided by -4 + 1 - (-21 + -1)?
17
Let a(i) = -2*i**3 - 8*i**2 + 6. What is the remainder when a(-4) is divided by ((-1)/3)/((-2)/18)?
0
Suppose 2*y = 2, -v + 2 = -4*y - 2. Let a(p) be the third derivative of p**4/12 - p**3/3 + p**2. Calculate the remainder when 41 is divided by a(v).
13
Let b be ((-1)/3)/(3/(-18)). Suppose i - b*r - 11 = -0*r, -5*r = -2*i + 22. Calculate the remainder when 30 is divided by i.
8
What is the remainder when 4/(-20)*-122 - (-6)/(-15) is divided by 3?
0
Suppose 3*q - 6 = -0*q. Let u = -61 - -68. Calculate the remainder when (1 - u/q)*-14 is divided by 12.
11
Let p = 0 + 2. What is the remainder when 7 is divided by p?
1
Suppose 0 = -2*n - n + 18. Suppose 36 = 8*x - 44. What is the remainder when x is divided by n?
4
Let o(r) = 2*r**2 + 22*r + 21*r - 37*r - 5. Calculate the remainder when o(5) is divided by 19.
18
Suppose -2*x - 4*n = -16, 0*n - 4*n - 16 = 0. What is the remainder when x is divided by 9?
7
Let u(i) = -6*i + i**2 + 1 + 0*i**2 - 3. What is the remainder when 39 is divided by u(8)?
11
Suppose 0 = -4*b + b + 9. Suppose -36 = 2*q - 5*q - 3*f, 0 = 2*q + b*f - 29. Calculate the remainder when 13 is divided by q.
6
Let u = 22 + -11. Suppose -5*b + b - 2064 = 0. Calculate the remainder when b/(-16) - 2/8 is divided by u.
10
Let l = 3 + 4. What is the remainder when l is divided by 7?
0
Calculate the remainder when 309 is divided by (27/12)/3*-52*-1.
36
Let y(t) = -t**2 + 16*t - 4. What is the remainder when y(12) is divided by 20?
4
What is the remainder when 368/14 + 6/(-21) is divided by (-456)/(-33) + 6/33?
12
Let x = -56 - -102. Suppose 3*r - 5*r + 64 = h, 242 = 3*h - 4*r. Suppose 5*f + 2*z = h, 0*f + 65 = 5*f + 5*z. What is the remainder when x is divided by f?
14
Suppose 0 = 4*q - 14 - 22. What is the remainder when q is divided by 550/175 - 1/7?
0
Calculate the remainder when (-232)/(-5) - 15/(-25) is divided by 5/((-10)/(-4)) + 23.
22
Calculate the remainder when 5 + (5 - -1)/2 is divided by 2.
0
Let k = 91 - 50. Calculate the remainder when k is divided by 14.
13
Let r(q) = q**2 + q + 1. Let b be r(0). What is the remainder when ((-2)/5)/(4/(-100)) is divided by b/(-2)*1*-8?
2
Let i = 364 - 197. What is the remainder when i is divided by 34?
31
Suppose -4*n + 40 = -8. Calculate the remainder when 69 is divided by n.
9
Suppose -4 = -11*c + 150. Calculate the remainder when 39 is divided by c.
11
Let g(q) = -q**3 + 12*q**2 + 15*q - 20. Calculate the remainder when g(13) is divided by 3.
0
Suppose -n = 3*v - 213, 3*v - 204 - 9 = 4*n. Suppose -62 = 2*y - a, y - 4*y - v = 4*a. Let b = y + 44. Calculate the remainder when 43 is divided by b.
13
Suppose 4*q - 32 = -0*q - 3*r, q + 5*r = 25. Suppose q*j = 136 - 6. Suppose 2*i = -0*i + j. What is the remainder when 24 is divided by i?
11
Suppose 19 = i + 3. Let s be 60/8*i/6. Let a = s + -8. What is the remainder when 45 is divided by a?
9
Let w(s) = 3*s**2 - 5*s + 3. Let c = 9 + 3. What is the remainder when c is divided by w(2)?
2
Let f = 63 + -56. What is the remainder when f is divided by 2?
1
Let y be 4/3*